{"id":500,"date":"2026-01-21T21:46:00","date_gmt":"2026-01-21T21:46:00","guid":{"rendered":"http:\/\/magnia.pl\/?page_id=500"},"modified":"2026-01-22T10:34:50","modified_gmt":"2026-01-22T10:34:50","slug":"polityka-prywatnosci","status":"publish","type":"page","link":"https:\/\/magnia.pl\/?page_id=500","title":{"rendered":"Polityka prywatno\u015b\u0107i"},"content":{"rendered":"\t\t<div data-elementor-type=\"wp-page\" data-elementor-id=\"500\" class=\"elementor elementor-500\">\n\t\t\t\t<div class=\"elementor-element elementor-element-e2d2ef3 e-flex e-con-boxed e-con e-parent\" data-id=\"e2d2ef3\" data-element_type=\"container\" data-e-type=\"container\">\n\t\t\t\t\t<div class=\"e-con-inner\">\n\t\t\t\t\t<\/div>\n\t\t\t\t<\/div>\n\t\t<div class=\"elementor-element elementor-element-7af66ff e-flex e-con-boxed e-con e-parent\" data-id=\"7af66ff\" data-element_type=\"container\" data-e-type=\"container\">\n\t\t\t\t\t<div class=\"e-con-inner\">\n\t\t\t\t<div class=\"elementor-element elementor-element-0f3b2a9 elementor-widget elementor-widget-text-editor\" data-id=\"0f3b2a9\" data-element_type=\"widget\" data-e-type=\"widget\" data-widget_type=\"text-editor.default\">\n\t\t\t\t\t\t\t\t\t<h4 data-path-to-node=\"3\">Polityka Prywatno\u015bci serwisu magnia.pl<\/h4><h5>1.Informacje og\u00f3lne<\/h5><p data-path-to-node=\"5\">Administratorem Twoich danych osobowych jest firma: <b data-path-to-node=\"5\" data-index-in-node=\"52\">Magnia [Imi\u0119 i Nazwisko \/ Pe\u0142na Nazwa Firmy]<\/b> z siedzib\u0105 w: <b data-path-to-node=\"5\" data-index-in-node=\"111\">[Kod pocztowy, Miejscowo\u015b\u0107, Ulica]<\/b> NIP: <b data-path-to-node=\"5\" data-index-in-node=\"151\">[Tw\u00f3j numer NIP]<\/b> Email: <b data-path-to-node=\"5\" data-index-in-node=\"175\">elektryk@magnia.pl<\/b> Telefon: <b data-path-to-node=\"5\" data-index-in-node=\"203\">790 503 506<\/b><\/p><h5 data-path-to-node=\"5\">2. Zakres zbieranych danych<\/h5><p data-path-to-node=\"7\">Serwis zbiera informacje podane dobrowolnie przez u\u017cytkownika w nast\u0119puj\u0105cy spos\u00f3b:<\/p><ul data-path-to-node=\"8\"><li><p data-path-to-node=\"8,0,0\"><b data-path-to-node=\"8,0,0\" data-index-in-node=\"0\">Formularz kontaktowy:<\/b> imi\u0119, adres e-mail, numer telefonu oraz tre\u015b\u0107 wiadomo\u015bci.<\/p><\/li><li><p data-path-to-node=\"8,1,0\"><b data-path-to-node=\"8,1,0\" data-index-in-node=\"0\">Kontakt SMS\/Telefoniczny:<\/b> numer telefonu oraz dane podane w trakcie rozmowy\/korespondencji.<\/p><\/li><li><p data-path-to-node=\"8,2,0\"><b data-path-to-node=\"8,2,0\" data-index-in-node=\"0\">Pliki cookies:<\/b> informacje o sposobie korzystania ze strony (anonimowe dane statystyczne).<\/p><\/li><\/ul><h5 data-path-to-node=\"9\">3. Cel przetwarzania danych<\/h5><p data-path-to-node=\"10\">Twoje dane s\u0105 przetwarzane w celu:<\/p><ul data-path-to-node=\"11\"><li><p data-path-to-node=\"11,0,0\">Udzielenia odpowiedzi na zapytanie ofertowe (podstawa prawna: art. 6 ust. 1 lit. b RODO \u2013 dzia\u0142ania przed zawarciem umowy).<\/p><\/li><li><p data-path-to-node=\"11,1,0\">Realizacji us\u0142ug elektrycznych (podstawa prawna: art. 6 ust. 1 lit. b RODO).<\/p><\/li><li><p data-path-to-node=\"11,2,0\">Archiwizacji korespondencji na potrzeby udowodnienia jej przebiegu w przysz\u0142o\u015bci (podstawa prawna: art. 6 ust. 1 lit. f RODO \u2013 prawnie uzasadniony interes administratora).<\/p><\/li><\/ul><h5 data-path-to-node=\"12\">4. Okres przechowywania danych<\/h5><p data-path-to-node=\"13\">Dane b\u0119d\u0105 przechowywane przez okres:<\/p><ul data-path-to-node=\"14\"><li><p data-path-to-node=\"14,0,0\">Niezb\u0119dny do obs\u0142ugi zapytania ofertowego.<\/p><\/li><li><p data-path-to-node=\"14,1,0\">Trwania wsp\u00f3\u0142pracy oraz okresu gwarancyjnego po wykonaniu us\u0142ugi.<\/p><\/li><li><p data-path-to-node=\"14,2,0\">Wymagany przez przepisy prawa skarbowego (w przypadku wystawienia faktury \u2013 5 lat).<\/p><\/li><\/ul><h5 data-path-to-node=\"15\">5. Prawa u\u017cytkownika<\/h5><p data-path-to-node=\"16\">Zgodnie z RODO przys\u0142uguje Ci prawo do:<\/p><ul data-path-to-node=\"17\"><li><p data-path-to-node=\"17,0,0\">Dost\u0119pu do swoich danych oraz otrzymania ich kopii.<\/p><\/li><li><p data-path-to-node=\"17,1,0\">Sprostowania (poprawiania) danych.<\/p><\/li><li><p data-path-to-node=\"17,2,0\">Usuni\u0119cia danych (&#8222;prawo do bycia zapomnianym&#8221;).<\/p><\/li><li><p data-path-to-node=\"17,3,0\">Ograniczenia przetwarzania danych.<\/p><\/li><li><p data-path-to-node=\"17,4,0\">Wniesienia sprzeciwu wobec przetwarzania.<\/p><\/li><li><p data-path-to-node=\"17,5,0\">Wniesienia skargi do organu nadzorczego (Prezesa Urz\u0119du Ochrony Danych Osobowych).<\/p><\/li><\/ul><h5 data-path-to-node=\"18\">6. Odbiorcy danych<\/h5><p data-path-to-node=\"19\">Twoje dane mog\u0105 by\u0107 przekazywane jedynie podmiotom niezb\u0119dnym do funkcjonowania firmy:<\/p><ul data-path-to-node=\"20\"><li><p data-path-to-node=\"20,0,0\">Dostawcy us\u0142ug hostingowych (przechowywanie poczty e-mail).<\/p><\/li><li><p data-path-to-node=\"20,1,0\">Biuru rachunkowemu (je\u015bli zostanie wystawiona faktura). Twoje dane <b data-path-to-node=\"20,1,0\" data-index-in-node=\"67\">nie s\u0105<\/b> sprzedawane ani przekazywane podmiotom trzecim w celach marketingowych.<\/p><\/li><\/ul><h5 data-path-to-node=\"21\">7. Pliki Cookies (Ciasteczka)<\/h5><p data-path-to-node=\"22\">Strona korzysta z plik\u00f3w cookies w celu zapewnienia jej prawid\u0142owego dzia\u0142ania oraz analizy ruchu. Mo\u017cesz w ka\u017cdej chwili zmieni\u0107 ustawienia dotycz\u0105ce cookies w swojej przegl\u0105darce internetowej. Wy\u0142\u0105czenie cookies mo\u017ce jednak wp\u0142yn\u0105\u0107 na funkcjonalno\u015b\u0107 strony.<\/p><h5 data-path-to-node=\"23\">8. Kontakt w sprawach ochrony danych<\/h5><p data-path-to-node=\"24\">Wszelkie pytania dotycz\u0105ce przetwarzania danych osobowych prosimy kierowa\u0107 na adres: <b data-path-to-node=\"24\" data-index-in-node=\"85\">elektryk@magnia.pl<\/b>.<\/p>\t\t\t\t\t\t\t\t<\/div>\n\t\t\t\t\t<\/div>\n\t\t\t\t<\/div>\n\t\t\t\t<\/div>\n\t\t","protected":false},"excerpt":{"rendered":"<p>Polityka Prywatno\u015bci serwisu magnia.pl 1.Informacje og\u00f3lne Administratorem Twoich danych osobowych jest firma: Magnia [Imi\u0119 i Nazwisko \/ Pe\u0142na Nazwa Firmy] z siedzib\u0105 w: [Kod pocztowy, Miejscowo\u015b\u0107, Ulica] NIP: [Tw\u00f3j numer NIP] Email: elektryk@magnia.pl Telefon: 790 503 506 2. Zakres zbieranych danych Serwis zbiera informacje podane dobrowolnie przez u\u017cytkownika w nast\u0119puj\u0105cy spos\u00f3b: Formularz kontaktowy: imi\u0119, adres [&hellip;]<\/p>\n","protected":false},"author":1,"featured_media":0,"parent":0,"menu_order":0,"comment_status":"closed","ping_status":"closed","template":"","meta":{"inline_featured_image":false,"footnotes":""},"class_list":["post-500","page","type-page","status-publish","hentry"],"blocksy_meta":[],"_links":{"self":[{"href":"https:\/\/magnia.pl\/index.php?rest_route=\/wp\/v2\/pages\/500","targetHints":{"allow":["GET"]}}],"collection":[{"href":"https:\/\/magnia.pl\/index.php?rest_route=\/wp\/v2\/pages"}],"about":[{"href":"https:\/\/magnia.pl\/index.php?rest_route=\/wp\/v2\/types\/page"}],"author":[{"embeddable":true,"href":"https:\/\/magnia.pl\/index.php?rest_route=\/wp\/v2\/users\/1"}],"replies":[{"embeddable":true,"href":"https:\/\/magnia.pl\/index.php?rest_route=%2Fwp%2Fv2%2Fcomments&post=500"}],"version-history":[{"count":10,"href":"https:\/\/magnia.pl\/index.php?rest_route=\/wp\/v2\/pages\/500\/revisions"}],"predecessor-version":[{"id":511,"href":"https:\/\/magnia.pl\/index.php?rest_route=\/wp\/v2\/pages\/500\/revisions\/511"}],"wp:attachment":[{"href":"https:\/\/magnia.pl\/index.php?rest_route=%2Fwp%2Fv2%2Fmedia&parent=500"}],"curies":[{"name":"wp","href":"https:\/\/api.w.org\/{rel}","templated":true}]}}