{"id":971,"date":"2026-03-17T18:17:01","date_gmt":"2026-03-17T18:17:01","guid":{"rendered":"https:\/\/magnia.pl\/?page_id=971"},"modified":"2026-03-17T19:58:52","modified_gmt":"2026-03-17T19:58:52","slug":"fotowoltaika-i-magazyny-energii","status":"publish","type":"page","link":"https:\/\/magnia.pl\/?page_id=971","title":{"rendered":"Fotowoltaika i Magazyny Energii"},"content":{"rendered":"\t\t<div data-elementor-type=\"wp-page\" data-elementor-id=\"971\" class=\"elementor elementor-971\">\n\t\t\t\t<div class=\"elementor-element elementor-element-1978746 e-grid e-con-full e-con e-parent\" data-id=\"1978746\" data-element_type=\"container\" data-e-type=\"container\" data-settings=\"{&quot;background_background&quot;:&quot;classic&quot;}\">\n\t\t\t\t<div class=\"elementor-element elementor-element-14ee1d5 elementor-widget elementor-widget-heading\" data-id=\"14ee1d5\" data-element_type=\"widget\" data-e-type=\"widget\" data-widget_type=\"heading.default\">\n\t\t\t\t\t<h1 class=\"elementor-heading-title elementor-size-default\">Niezale\u017cno\u015b\u0107 <br>Energetyczna z<br> Przemys\u0142ow\u0105 Precyzj\u0105<\/h1>\t\t\t\t<\/div>\n\t\t\t\t<div class=\"elementor-element elementor-element-078dd43 elementor-widget__width-auto elementor-widget elementor-widget-text-editor\" data-id=\"078dd43\" data-element_type=\"widget\" data-e-type=\"widget\" data-widget_type=\"text-editor.default\">\n\t\t\t\t\t\t\t\t\t<p>MAGNIA &#8211; Twoje kompleksowe rozwi\u0105zanie:<\/p><p>Fotowoltaika i Magazyny energii.<\/p><p>\u00a0<\/p><p>Do\u015bwiadczenie OZE dla Twojego domu.<\/p>\t\t\t\t\t\t\t\t<\/div>\n\t\t\t\t<div class=\"elementor-element elementor-element-17df493 elementor-align-left elementor-widget elementor-widget-button\" data-id=\"17df493\" data-element_type=\"widget\" data-e-type=\"widget\" data-widget_type=\"button.default\">\n\t\t\t\t\t\t\t\t\t\t<a class=\"elementor-button elementor-button-link elementor-size-sm\" href=\"#\">\n\t\t\t\t\t\t<span class=\"elementor-button-content-wrapper\">\n\t\t\t\t\t\t\t\t\t<span class=\"elementor-button-text\">Sprawd\u017a ofert\u0119 OZE<\/span>\n\t\t\t\t\t<\/span>\n\t\t\t\t\t<\/a>\n\t\t\t\t\t\t\t\t<\/div>\n\t\t<div class=\"elementor-element elementor-element-448b4dc e-grid e-con-full e-con e-child\" data-id=\"448b4dc\" data-element_type=\"container\" data-e-type=\"container\">\n\t\t\t\t<\/div>\n\t\t\t\t<\/div>\n\t\t\t\t<\/div>\n\t\t","protected":false},"excerpt":{"rendered":"<p>Niezale\u017cno\u015b\u0107 Energetyczna z Przemys\u0142ow\u0105 Precyzj\u0105 MAGNIA &#8211; Twoje kompleksowe rozwi\u0105zanie: Fotowoltaika i Magazyny energii. \u00a0 Do\u015bwiadczenie OZE dla Twojego domu. Sprawd\u017a ofert\u0119 OZE<\/p>\n","protected":false},"author":1,"featured_media":0,"parent":0,"menu_order":0,"comment_status":"closed","ping_status":"closed","template":"elementor_header_footer","meta":{"inline_featured_image":false,"footnotes":""},"class_list":["post-971","page","type-page","status-publish","hentry"],"blocksy_meta":[],"_links":{"self":[{"href":"https:\/\/magnia.pl\/index.php?rest_route=\/wp\/v2\/pages\/971","targetHints":{"allow":["GET"]}}],"collection":[{"href":"https:\/\/magnia.pl\/index.php?rest_route=\/wp\/v2\/pages"}],"about":[{"href":"https:\/\/magnia.pl\/index.php?rest_route=\/wp\/v2\/types\/page"}],"author":[{"embeddable":true,"href":"https:\/\/magnia.pl\/index.php?rest_route=\/wp\/v2\/users\/1"}],"replies":[{"embeddable":true,"href":"https:\/\/magnia.pl\/index.php?rest_route=%2Fwp%2Fv2%2Fcomments&post=971"}],"version-history":[{"count":88,"href":"https:\/\/magnia.pl\/index.php?rest_route=\/wp\/v2\/pages\/971\/revisions"}],"predecessor-version":[{"id":1063,"href":"https:\/\/magnia.pl\/index.php?rest_route=\/wp\/v2\/pages\/971\/revisions\/1063"}],"wp:attachment":[{"href":"https:\/\/magnia.pl\/index.php?rest_route=%2Fwp%2Fv2%2Fmedia&parent=971"}],"curies":[{"name":"wp","href":"https:\/\/api.w.org\/{rel}","templated":true}]}}